{"id":23,"date":"2016-02-12T08:12:49","date_gmt":"2016-02-12T08:12:49","guid":{"rendered":"http:\/\/demos.famethemes.com\/onepress\/?page_id=23"},"modified":"2022-08-09T20:17:24","modified_gmt":"2022-08-09T18:17:24","slug":"service-title-1","status":"publish","type":"page","link":"https:\/\/plus-punkt-energie.de\/?page_id=23","title":{"rendered":"Bundesf\u00f6rderung f\u00fcr effiziente Geb\u00e4ude (BEG)"},"content":{"rendered":"\n<p><\/p>\n\n\n\n<p class=\"has-medium-font-size\">Ende Juli 2022 wurden die wichtigsten gesetzlichen Richtliniern zur Geb\u00e4udef\u00f6rderung neu aufgestellt. Attraktive F\u00f6rders\u00e4tze im Rahmen des BEG-F\u00f6rderprogramms beg\u00fcnstigen den Einbau umweltfreundlicher Anlagen. Dar\u00fcber hinaus reduziert die BEG die inhaltliche Komplexit\u00e4t der bisherigen F\u00f6rderprogramme und macht sie damit zug\u00e4nglicher und verst\u00e4ndlicher f\u00fcr Antragsteller, wie z.B. Sanierer, Unternehmen oder Kommunen.<\/p>\n\n\n\n<p class=\"has-medium-font-size\">Eine F\u00f6rderung je Heizsystem von bis zu 50 %<sup>1, 2, 3, 4<\/sup>\u00a0der f\u00f6rderf\u00e4higen Bruttoinvestitionskosten ist noch bis einschlie\u00dflich 14.08.2022 m\u00f6glich. Danach gelten neue F\u00f6rderkonditionen. Neben dem neuen Heizsystem werden bei einer Modernisierung auch alle daf\u00fcr notwendigen Nebenleistungen gef\u00f6rdert. Dazu geh\u00f6ren unter anderem\u00a0Fu\u00dfbodenheizungen inklusive D\u00e4mmung und Estrich, die Entsorgung der Altanlage oder die Schornsteinsanierung. Somit zahlt sich eine Investition in zukunftsf\u00e4hige Technik doppelt aus: sie senkt die Energiekosten und wird finanziell vom Staat unterst\u00fctzt. Mit plus-punkt-energie steht Ihnen ein zuverl\u00e4ssiger Partner zur Seite, der Sie mit langlebigen und durchdachten L\u00f6sungen fit f\u00fcr die Zukunft macht.<\/p>\n\n\n\n<p><sup>1<\/sup>&nbsp;In Bezug auf die f\u00f6rderf\u00e4higen Bruttoinvestitionskosten des neuen Heizsystems (Heizger\u00e4t, Montage und dazu notwendige Nebenleistungen).<br><sup>2<\/sup>&nbsp;Davon 10 % Zuschuss f\u00fcr den Austausch eines \u00d6lkessels.<br><sup>3<\/sup>&nbsp;Gilt f\u00fcr die gesamte Anlage.&nbsp;<br><sup>4<\/sup>&nbsp;Davon 5% Zuschuss f\u00fcr einen vollst\u00e4ndig vorliegenden und gef\u00f6rderten individuellen Sanierungsfahrplan.<\/p>\n\n\n\n<p><\/p>\n\n\n\n<p><\/p>\n\n\n\n<h2 class=\"has-text-align-center wp-block-heading\">Das BEG vereinfacht die F\u00f6rderlandschaft in Deutschland<\/h2>\n\n\n\n<p><\/p>\n\n\n\n<p class=\"has-medium-font-size\">Das BEG-F\u00f6rderprogramm gilt sowohl f\u00fcr Einzelma\u00dfnahmen im Bestand, als auch f\u00fcr systemische Ma\u00dfnahmen (Effizienzhaus-F\u00f6rderung) in Neubau und Bestand f\u00fcr Wohn- und Nichtwohngeb\u00e4uden. Das aktuelle BEG-F\u00f6rderprogramm haben wir Ihnen in der folgenden \u00dcbersicht dargestellt:<\/p>\n\n\n\n<figure class=\"wp-block-image size-full\"><img loading=\"lazy\" decoding=\"async\" width=\"850\" height=\"489\" src=\"https:\/\/plus-punkt-energie.de\/wp-content\/uploads\/2022\/08\/Bildschirmfoto-2022-08-07-um-20.43.59.png\" alt=\"\" class=\"wp-image-1590\" srcset=\"https:\/\/plus-punkt-energie.de\/wp-content\/uploads\/2022\/08\/Bildschirmfoto-2022-08-07-um-20.43.59.png 850w, https:\/\/plus-punkt-energie.de\/wp-content\/uploads\/2022\/08\/Bildschirmfoto-2022-08-07-um-20.43.59-300x173.png 300w, https:\/\/plus-punkt-energie.de\/wp-content\/uploads\/2022\/08\/Bildschirmfoto-2022-08-07-um-20.43.59-768x442.png 768w\" sizes=\"auto, (max-width: 850px) 100vw, 850px\" \/><\/figure>\n\n\n\n<p><strong>Zum 28.07.2022&nbsp;wurde das Zuschussportal der KfW f\u00fcr BEG EM geschlossen.<\/strong><\/p>\n\n\n\n<p><\/p>\n\n\n\n<h2 class=\"wp-block-heading\">\u00dcbersicht F\u00f6rderung Einzelma\u00dfnahmen BEG EM:<\/h2>\n\n\n\n<p><\/p>\n\n\n\n<p class=\"has-medium-font-size\">Das f\u00f6rderf\u00e4hige&nbsp;<strong>Mindestinvestitionsvolumen<\/strong>&nbsp;liegt f\u00fcr&nbsp;<strong>Einzelma\u00dfnahmen bei 2.000 Euro<\/strong>&nbsp;(brutto) und f\u00fcr Ma\u00dfnahmen im Bereich&nbsp;<strong>Heizungsoptimierung bei 300 Euro<\/strong>&nbsp;(brutto). Die F\u00f6rderkonditionen sind bis einschlie\u00dflich 14.08.2022 g\u00fcltig. Ab dem 15.08.2022 gelten neue Konditionen.<\/p>\n\n\n\n<figure class=\"wp-block-table\"><table><tbody><tr><td>Einzelma\u00dfnahmen zur Sanierung von Wohngeb\u00e4uden (WG) und Nichtwohngeb\u00e4uden (NWG)<\/td><td>F\u00f6rdersatz<\/td><td>F\u00f6rdersatz mit<br>Austausch \u00d6lheizung<\/td><td>Fachplanung und Baubegleitung<\/td><\/tr><tr><td>Geb\u00e4udeh\u00fclle<sup>1)<\/sup><\/td><td>D\u00e4mmung von Au\u00dfenw\u00e4nden, Dach, Geschossdecken und Bodenfl\u00e4chen, Austausch von Fenstern und Au\u00dfent\u00fcren, sommerlicher W\u00e4rmeschutz<\/td><td>20%<\/td><td>&nbsp;<\/td><td><br>50%&nbsp;&nbsp;<\/td><\/tr><tr><td>Anlagentechnik<sup>1)<\/sup><\/td><td>Einbau\/Austausch\/Optimierung von L\u00fcftungsanlagen;<br>WG: Einbau &#8211; Efficiency Smart Home;<br>NWG: Einbau Mess-, Steuer- und Regelungstechnik, Raumk\u00fchlung und Beleuchtungssysteme<\/td><td>20%<\/td><td>&nbsp;<\/td><\/tr><tr><td>Heizungsanlagen<sup>1)<\/sup><\/td><td>Gas-Brennwertheizungen &#8222;Renewable Ready&#8220;<\/td><td>20%<\/td><td>20%<\/td><\/tr><tr><td>&nbsp;<\/td><td>Gas-HybridanlagenSolarthermieanlagen<\/td><td>30%30%<\/td><td>40%30%<\/td><\/tr><tr><td>&nbsp;<\/td><td>W\u00e4rmepumpenBiomasseanlagen<sup>2)<\/sup>Innovative Heizanlagen auf EE-BasisEE-Hybridheizungen<sup>2)<\/sup><\/td><td>35%35%35%35%<\/td><td>45%45%45%45%<\/td><\/tr><tr><td>&nbsp;<\/td><td>Anschluss an Geb\u00e4ude-\/W\u00e4rmenetzmind. 25% EEmind. 55% EE<\/td><td>&nbsp;30%35%<\/td><td>&nbsp;40%45%<\/td><\/tr><tr><td>Heizungsoptimierung<sup>1<\/sup><\/td><td>20%<\/td><td>&nbsp;<\/td><\/tr><\/tbody><\/table><\/figure>\n\n\n\n<p>*<sup>1)<\/sup>&nbsp;iSFP-Bonus: Die Umsetzung einer Sanierungsma\u00dfnahme als Teil eines im F\u00f6rderprogramm &#8222;Bundesf\u00f6rderung f\u00fcr Energieberatung f\u00fcr Wohngeb\u00e4ude&#8220; gef\u00f6rderten individuellen Sanierungsfahrplanes (iSFP) ist ein zus\u00e4tzlicher F\u00f6rderbonus von 5 % m\u00f6glich.<br><sup>2)<\/sup>&nbsp;Innovationsbonus: Bei Einhaltung eines Emissionsgrenzwertes f\u00fcr Feinstaub von max. 2,5 mg\/m<sup>2&nbsp;<\/sup>ist ein zus\u00e4tzlicher F\u00f6rderbonus von 5% m\u00f6glich.<\/p>\n\n\n\n<p class=\"has-medium-font-size\">Die maximalen f\u00f6rderf\u00e4higen Kosten liegen f\u00fcr Sanierer und Bauherren bei 60.000 Euro pro Wohneinheit im Wohngeb\u00e4ude und maximal 15 Mio.\u20ac im Nichtwohngeb\u00e4ude.<\/p>\n\n\n\n<p class=\"has-medium-font-size\">Au\u00dferdem k\u00f6nnen Sie von einer 5 Prozent h\u00f6heren F\u00f6rdersumme profitieren, indem Sie einen individuellen Sanierungsfahrplan (iSFP) w\u00e4hlen. Der enthaltene Kostenanteil f\u00fcr den Sanierungsfahrplan ist ebenso f\u00f6rderf\u00e4hig und wird bezuschusst im F\u00f6rderprogramm \u201eBundesf\u00f6rderung f\u00fcr Energieberatung f\u00fcr Wohngeb\u00e4ude\u201c.<\/p>\n\n\n\n<p><\/p>\n\n\n\n<p><\/p>\n\n\n\n<h2 class=\"wp-block-heading\">F\u00f6rderkonditionen ab dem 15.08.2022<\/h2>\n\n\n\n<h3 class=\"wp-block-heading\"><\/h3>\n\n\n\n<figure class=\"wp-block-table\"><table><tbody><tr><td>Einzelma\u00dfnahmen Zuschuss<\/td><td>Zuschuss<\/td><td>iSFP-Bonus<\/td><td>Heizungstausch-Bonus<\/td><td>W\u00e4rmepumpen-Bonus<\/td><td>Max. F\u00f6rdersatz<\/td><td>Fachplanung<\/td><\/tr><tr><td>Solarthermie<\/td><td>25 %<\/td><td>&nbsp;<\/td><td>&nbsp;<\/td><td>&nbsp;<\/td><td>25 %<\/td><td>50 %<\/td><\/tr><tr><td>Biomasse<\/td><td>10 %<\/td><td>10 %<\/td><td>20 %<\/td><\/tr><tr><td>W\u00e4rmepumpe<\/td><td>25 %<\/td><td>5 %<\/td><td>40 %<\/td><\/tr><tr><td>Innovative Heizungstechnik<\/td><td>25 %<\/td><td>&nbsp;<\/td><td>35 %<\/td><\/tr><tr><td>EE-Hybridheizung ohne Biomasse<\/td><td>25 %<\/td><td>5 %<\/td><td>40 %<\/td><\/tr><tr><td>EE-Hybridheizung mit Biomasse<\/td><td>20 %<\/td><td>35 %<\/td><\/tr><tr><td>W\u00e4rmenetzanschluss<\/td><td>25 %<\/td><td>&nbsp;<\/td><td>35 %<\/td><\/tr><tr><td>Geb\u00e4udenetzanschluss<\/td><td>25 %<\/td><td>35 %<\/td><\/tr><tr><td>Geb\u00e4udenetz Errichtung\/ Erweiterung<\/td><td>25 %<\/td><td>&nbsp;<\/td><td>25 %<\/td><\/tr><tr><td>Geb\u00e4udeh\u00fclle<\/td><td>15 %<\/td><td>5 %<\/td><td>20 %<\/td><\/tr><tr><td>Anlagentechnik<\/td><td>15 %<\/td><td>20 %<\/td><\/tr><tr><td>Heizungsoptimierung<\/td><td>15 %<\/td><td>20 %<\/td><\/tr><\/tbody><\/table><\/figure>\n\n\n\n<p class=\"has-medium-font-size\">Die maximalen f\u00f6rderf\u00e4higen Kosten liegen f\u00fcr Sanierer und Bauherren bei 60.000 Euro pro Wohneinheit im Wohngeb\u00e4de und maximal 5 Mio. Euro im Nichtwohngeb\u00e4ude.<\/p>\n\n\n\n<p class=\"has-medium-font-size\"><strong>Heizungstausch-Bonus<\/strong><br>F\u00fcr den Austausch von sich in Betrieb befindlichen \u00d6l-, Kohle- und Nachtspeicherheizungen wird ein Bonus von 10 Prozentpunkten gew\u00e4hrt. F\u00fcr den Austausch von sich in Betrieb befindlichen Gasheizungen wird ein Bonus von 10 Prozentpunkten gew\u00e4hrt, wenn deren Inbetriebnahme zum Zeitpunkt der Antragsstellung mindestens 20 Jahre zur\u00fcckliegt. Nach dem Austausch darf das Geb\u00e4ude nicht mehr mit fossilen Brennstoffen im Geb\u00e4ude oder geb\u00e4udenah beheizt werden.<\/p>\n\n\n\n<p class=\"has-medium-font-size\"><strong>W\u00e4rmepumpen-Bonus<\/strong><br>F\u00fcr W\u00e4rmepumpen wird zus\u00e4tzlich ein Bonus von 5 Prozentpunkten gew\u00e4hrt, wenn als W\u00e4rmequelle Wasser, Erdreich oder Abwasser erschlossen wird.<\/p>\n\n\n\n<p class=\"has-medium-font-size\"><strong>Bonus Individueller Sanierungsfahrplan (iSFP)<\/strong><br>Der iSFP-Bonus f\u00fcr Anlagen zur W\u00e4rmeerzeugung\/ Heizung wird gestrichen.<\/p>\n","protected":false},"excerpt":{"rendered":"<p>Morbi in sem quis dui placerat ornare. Pellentesque odio nisi euismod in pharetra a ultricies.<\/p>\n","protected":false},"author":2,"featured_media":0,"parent":0,"menu_order":0,"comment_status":"closed","ping_status":"closed","template":"","meta":{"footnotes":""},"class_list":["post-23","page","type-page","status-publish","hentry"],"_links":{"self":[{"href":"https:\/\/plus-punkt-energie.de\/index.php?rest_route=\/wp\/v2\/pages\/23","targetHints":{"allow":["GET"]}}],"collection":[{"href":"https:\/\/plus-punkt-energie.de\/index.php?rest_route=\/wp\/v2\/pages"}],"about":[{"href":"https:\/\/plus-punkt-energie.de\/index.php?rest_route=\/wp\/v2\/types\/page"}],"author":[{"embeddable":true,"href":"https:\/\/plus-punkt-energie.de\/index.php?rest_route=\/wp\/v2\/users\/2"}],"replies":[{"embeddable":true,"href":"https:\/\/plus-punkt-energie.de\/index.php?rest_route=%2Fwp%2Fv2%2Fcomments&post=23"}],"version-history":[{"count":3,"href":"https:\/\/plus-punkt-energie.de\/index.php?rest_route=\/wp\/v2\/pages\/23\/revisions"}],"predecessor-version":[{"id":1620,"href":"https:\/\/plus-punkt-energie.de\/index.php?rest_route=\/wp\/v2\/pages\/23\/revisions\/1620"}],"wp:attachment":[{"href":"https:\/\/plus-punkt-energie.de\/index.php?rest_route=%2Fwp%2Fv2%2Fmedia&parent=23"}],"curies":[{"name":"wp","href":"https:\/\/api.w.org\/{rel}","templated":true}]}}