{"id":1342,"date":"2017-12-01T08:47:37","date_gmt":"2017-12-01T08:47:37","guid":{"rendered":"https:\/\/demos.famethemes.com\/onepress\/?page_id=1342"},"modified":"2022-08-07T20:53:36","modified_gmt":"2022-08-07T18:53:36","slug":"elementor-page-builder","status":"publish","type":"page","link":"https:\/\/plus-punkt-energie.de\/?page_id=1342","title":{"rendered":"F\u00f6rderservice BAFA"},"content":{"rendered":"\n<p><\/p>\n\n\n\n<figure class=\"wp-block-image size-large\"><img loading=\"lazy\" decoding=\"async\" width=\"1024\" height=\"520\" src=\"https:\/\/plus-punkt-energie.de\/wp-content\/uploads\/2022\/08\/Foerderung-1024x520.png\" alt=\"\" class=\"wp-image-1582\" srcset=\"https:\/\/plus-punkt-energie.de\/wp-content\/uploads\/2022\/08\/Foerderung-1024x520.png 1024w, https:\/\/plus-punkt-energie.de\/wp-content\/uploads\/2022\/08\/Foerderung-300x152.png 300w, https:\/\/plus-punkt-energie.de\/wp-content\/uploads\/2022\/08\/Foerderung-768x390.png 768w, https:\/\/plus-punkt-energie.de\/wp-content\/uploads\/2022\/08\/Foerderung.png 1070w\" sizes=\"auto, (max-width: 1024px) 100vw, 1024px\" \/><\/figure>\n\n\n\n<h2 class=\"has-text-align-center wp-block-heading\">Unser F\u00f6rderservice f\u00fcrs Klimapaket<\/h2>\n\n\n\n<p><\/p>\n\n\n\n<p class=\"has-medium-font-size\">Seit Juli 2022 gibt es vorteilhafte Neuerungen in der Geb\u00e4udef\u00f6rderung. Ziel ist es, verst\u00e4rkt CO<sub>2<\/sub>-Emissionen zu mindern und den Energieverbrauch zu senken. So wird unter anderem der Einbau von modernen und klimafreundlichen Heizsystemen stark gef\u00f6rdert.<\/p>\n\n\n\n<p class=\"has-medium-font-size\">plus-punkt-energie bietet Ihnen hierf\u00fcr die richtigen L\u00f6sungen und den passenden Service an.<\/p>\n\n\n\n<h2 class=\"has-text-align-center wp-block-heading\">Keinen Vorteil verpassen mit dem F\u00f6rderservice<\/h2>\n\n\n\n<p class=\"has-medium-font-size\">Die F\u00f6rderungsprogramme sind komplex und die M\u00f6glichkeiten, eine F\u00f6rderung zu beantragen, vielf\u00e4ltig. Der F\u00f6rderservice von plus-punkt-energie sorgt in Kooperation mit dem Ingenieurb\u00fcro Schmidt in K\u00f6ln und Aktiv- Energieberatung in Hennef daf\u00fcr, dass Sie die optimale F\u00f6rdersumme erhalten.<\/p>\n\n\n\n<p><\/p>\n\n\n\n<h2 class=\"wp-block-heading\">Schritt f\u00fcr Schritt &#8211; Ihr Weg zur maximalen F\u00f6rderung!<\/h2>\n\n\n\n<figure class=\"wp-block-table\"><table><tbody><tr><td>Schritt<\/td><td>Beschreibung<\/td><\/tr><tr><td>1. \u00dcberblick verschaffen<\/td><td>Wir informieren Sie zu allen aktuellen F\u00f6rderungen, die f\u00fcr Ihr Haus in Frage kommen.&nbsp;<br>Seien es Erneuerungen an der Geb\u00e4udeh\u00fclle, zu Ihrem neuen Heizsystem, oder zu Ihrer M\u00f6glichkeit erneuerbare Energien selbst zu nutzen.<\/td><\/tr><tr><td>2. Vorteile nutzen.<\/td><td>Fordern Sie von Ihrem Fachhandwerker ein f\u00f6rderf\u00e4higes Heizungsangebot ein. Das Angebot schicken Sie an den plus-punkt-energie F\u00f6rderservice.<br><strong>Hinweis:<\/strong>&nbsp;Der F\u00f6rderantrag muss vor Vorhabenbeginn bei dem BAFA eingereicht werden. Das bedeutet f\u00fcr Sie, dass Sie vor Antragstellung durch den F\u00f6rderservice keinen Vertrag mit dem Fachhandwerker abschlie\u00dfen, keine Materialbestellung ausl\u00f6sen, keine Materiallieferung veranlassen, keine Abschlagszahlung leisten und mit der Ma\u00dfnahme nicht beginnen.<\/td><\/tr><tr><td>3. Auf Profis vertrauen.<\/td><td>Nach Einreichung von Angebot beim plus-punkt-energie F\u00f6rderservice warten Sie zuerst die eigentliche Antragsstellung beim F\u00f6rdergeber ab. Dies geschieht innerhalb von 5-10 Arbeitstagen.<\/td><\/tr><tr><td>4. Online registrieren.<\/td><td>Der F\u00f6rderservice \u00fcbernimmt den Online-Antrag f\u00fcr die geplante Ma\u00dfnahme, der zur Reservierung der F\u00f6rdergelder n\u00f6tig ist und informiert Sie \u00fcber die erfolgte Antragsstellung.<\/td><\/tr><tr><td>5. Ma\u00dfnahme umsetzen.<\/td><td>Ist die F\u00f6rderung beantragt, k\u00f6nnen Sie den Fachhandwerker beauftragen und mit der Umsetzung der Ma\u00dfnahme beginnen. Derweilen wird auch Ihr F\u00f6rderantrag beim F\u00f6rdergeber bearbeitet und \u00fcber die Bewilligung Ihrer F\u00f6rderung entschieden. Der F\u00f6rderservice informiert Sie, sobald der Bewilligungsbescheid vorliegt.<\/td><\/tr><tr><td>6. F\u00f6rdergelder erhalten.<\/td><td>Ist das Vorhaben verbaut\/ bzw. die neue Heizung installiert und in Betrieb genommen, \u00fcbernimmt plus-punkt-energie die Nachweisf\u00fchrung f\u00fcr die Auszahlung.<br>Dazu m\u00fcssen eine Kopie der Fachhandwerkerrechnung und zum Beispiel das Formular zur Best\u00e4tigung des hydraulischen Abgleichs (bei neuem Heizsystem) an den F\u00f6rderservice geschickt werden.<\/td><\/tr><\/tbody><\/table><\/figure>\n\n\n\n<p><\/p>\n\n\n\n<p><\/p>\n\n\n\n<h2 class=\"has-large-font-size wp-block-heading\">Hier erhalten Sie weitere Informationen rund um das Klimapaket und die neuen F\u00f6rderprogramme der Bundesregierung<\/h2>\n\n\n\n<p class=\"has-medium-font-size\"><a href=\"https:\/\/plus-punkt-energie.de\/?page_id=23\" data-type=\"page\" data-id=\"23\">Bundesf\u00f6rderung f\u00fcr effiziente Geb\u00e4ude (BEG)<\/a>\u00a0<\/p>\n\n\n<p>\u00a0<\/p>\n<figure><\/figure>\n<figure><\/figure>\n<figure><\/figure>\n<figure><\/figure>\n<figure><\/figure>\n<figure><\/figure>\n<h3 style=\"text-align: center;\">\u00a0<\/h3>\n<p>\u00a0<\/p>\n<div class=\"tt-mybuderus-responsive-content\">\n<p class=\"lead\">\u00a0<\/p>\n<\/div>\n<div class=\"tt-mybuderus-responsive-content\">\n<div class=\"tt-mybuderus-table-wrapper\">\u00a0<\/div>\n<\/div>\n<div class=\"tt-mybuderus-responsive-content\">\u00a0<\/div>\n<h3>\u00a0<\/h3>\n<h3>\u00a0<\/h3>","protected":false},"excerpt":{"rendered":"<p>Unser F\u00f6rderservice f\u00fcrs Klimapaket Seit Juli 2022 gibt es vorteilhafte Neuerungen in der Geb\u00e4udef\u00f6rderung. Ziel ist es, verst\u00e4rkt CO2-Emissionen zu mindern und den Energieverbrauch zu senken. So wird unter anderem der Einbau von modernen und klimafreundlichen Heizsystemen stark gef\u00f6rdert. plus-punkt-energie bietet Ihnen hierf\u00fcr die richtigen L\u00f6sungen und den passenden Service an. Keinen Vorteil verpassen mit [&hellip;]<\/p>\n","protected":false},"author":2,"featured_media":0,"parent":0,"menu_order":0,"comment_status":"closed","ping_status":"closed","template":"template-fullwidth-stretched.php","meta":{"footnotes":""},"class_list":["post-1342","page","type-page","status-publish","hentry"],"_links":{"self":[{"href":"https:\/\/plus-punkt-energie.de\/index.php?rest_route=\/wp\/v2\/pages\/1342","targetHints":{"allow":["GET"]}}],"collection":[{"href":"https:\/\/plus-punkt-energie.de\/index.php?rest_route=\/wp\/v2\/pages"}],"about":[{"href":"https:\/\/plus-punkt-energie.de\/index.php?rest_route=\/wp\/v2\/types\/page"}],"author":[{"embeddable":true,"href":"https:\/\/plus-punkt-energie.de\/index.php?rest_route=\/wp\/v2\/users\/2"}],"replies":[{"embeddable":true,"href":"https:\/\/plus-punkt-energie.de\/index.php?rest_route=%2Fwp%2Fv2%2Fcomments&post=1342"}],"version-history":[{"count":7,"href":"https:\/\/plus-punkt-energie.de\/index.php?rest_route=\/wp\/v2\/pages\/1342\/revisions"}],"predecessor-version":[{"id":1593,"href":"https:\/\/plus-punkt-energie.de\/index.php?rest_route=\/wp\/v2\/pages\/1342\/revisions\/1593"}],"wp:attachment":[{"href":"https:\/\/plus-punkt-energie.de\/index.php?rest_route=%2Fwp%2Fv2%2Fmedia&parent=1342"}],"curies":[{"name":"wp","href":"https:\/\/api.w.org\/{rel}","templated":true}]}}